igit of 176829?
6
What is the hundreds digit of 115094?
0
What is the tens digit of 2640?
4
What is the ten thousands digit of 31537?
3
What is the units digit of 1481?
1
What is the tens digit of 67425?
2
What is the hundreds digit of 8274?
2
What is the hundreds digit of 9907?
9
What is the thousands digit of 1548?
1
What is the tens digit of 19652?
5
What is the tens digit of 4595?
9
What is the units digit of 25593?
3
What is the tens digit of 2896?
9
What is the tens digit of 253?
5
What is the thousands digit of 1722?
1
What is the tens digit of 148221?
2
What is the hundreds digit of 1917?
9
What is the tens digit of 35570?
7
What is the tens digit of 954?
5
What is the hundreds digit of 317?
3
What is the units digit of 197?
7
What is the units digit of 976?
6
What is the hundreds digit of 4228?
2
What is the ten thousands digit of 13323?
1
What is the hundreds digit of 657?
6
What is the tens digit of 8276?
7
What is the units digit of 20595?
5
What is the tens digit of 22512?
1
What is the hundreds digit of 75775?
7
What is the ten thousands digit of 27324?
2
What is the tens digit of 139?
3
What is the ten thousands digit of 91385?
9
What is the hundreds digit of 1331?
3
What is the thousands digit of 9041?
9
What is the hundreds digit of 19040?
0
What is the thousands digit of 5745?
5
What is the hundreds digit of 47130?
1
What is the hundreds digit of 3937?
9
What is the hundreds digit of 23476?
4
What is the tens digit of 1822?
2
What is the tens digit of 984?
8
What is the units digit of 918?
8
What is the tens digit of 63372?
7
What is the hundreds digit of 22813?
8
What is the thousands digit of 2471?
2
What is the tens digit of 3503?
0
What is the hundreds digit of 123?
1
What is the hundreds digit of 17114?
1
What is the hundreds digit of 3430?
4
What is the thousands digit of 4987?
4
What is the thousands digit of 48187?
8
What is the units digit of 1147?
7
What is the tens digit of 2134?
3
What is the tens digit of 12?
1
What is the hundreds digit of 12174?
1
What is the thousands digit of 17259?
7
What is the thousands digit of 2444?
2
What is the units digit of 70?
0
What is the units digit of 301?
1
What is the hundred thousands digit of 134612?
1
What is the thousands digit of 18622?
8
What is the hundreds digit of 372?
3
What is the hundreds digit of 203?
2
What is the hundreds digit of 114?
1
What is the units digit of 5273?
3
What is the hundreds digit of 13815?
8
What is the thousands digit of 12162?
2
What is the units digit of 34369?
9
What is the thousands digit of 1126?
1
What is the thousands digit of 9502?
9
What is the tens digit of 77254?
5
What is the thousands digit of 2482?
2
What is the tens digit of 48254?
5
What is the hundreds digit of 339?
3
What is the thousands digit of 1744?
1
What is the tens digit of 1491?
9
What is the hundreds digit of 58181?
1
What is the tens digit of 350?
5
What is the units digit of 7860?
0
What is the tens digit of 447?
4
What is the thousands digit of 90147?
0
What is the thousands digit of 3980?
3
What is the ten thousands digit of 96024?
9
What is the tens digit of 81?
8
What is the hundreds digit of 3876?
8
What is the tens digit of 21389?
8
What is the units digit of 737?
7
What is the hundreds digit of 71702?
7
What is the tens digit of 49822?
2
What is the ten thousands digit of 44111?
4
What is the hundreds digit of 31184?
1
What is the thousands digit of 9263?
9
What is the hundreds digit of 6704?
7
What is the hundreds digit of 102554?
5
What is the thousands digit of 1691?
1
What is the hundreds digit of 917?
9
What is the hundreds digit of 34265?
2
What is the ten thousands digit of 18494?
1
What is the ten thousands digit of 54117?
5
What is the units digit of 2343?
3
What is the thousands digit of 39511?
9
What is the hundreds digit of 3043?
0
What is the hundreds digit of 8341?
3
What is the units digit of 24320?
0
What is the units digit of 2142?
2
What is the tens digit of 2027?
2
What is the hundreds digit of 10106?
1
What is the units digit of 4575?
5
What is the thousands digit of 41161?
1
What is the units digit of 467?
7
What is the thousands digit of 6958?
6
What is the units digit of 84026?
6
What is the thousands digit of 1177?
1
What is the tens digit of 1200?
0
What is the units digit of 3393?
3
What is the hundreds digit of 3437?
4
What is the ten thousands digit of 18352?
1
What is the hundreds digit of 3421?
4
What is the hundreds digit of 4149?
1
What is the hundreds digit of 1800?
8
What is the units digit of 35?
5
What is the units digit of 7526?
6
What is the hundreds digit of 4574?
5
What is the tens digit of 46415?
1
What is the thousands digit of 6457?
6
What is the ten thousands digit of 58519?
5
What is the thousands digit of 5138?
5
What is the tens digit of 2131?
3
What is the hundreds digit of 9429?
4
What is the hundreds digit of 300?
3
What is the units digit of 73?
3
What is the tens digit of 368?
6
What is the units digit of 1073?
3
What is the tens digit of 35484?
8
What is the units digit of 6624?
4
What is the thousands digit of 2244?
2
What is the tens digit of 1436?
3
What is the tens digit of 73305?
0
What is the ten thousands digit of 16532?
1
What is the units digit of 1817?
7
What is the thousands digit of 13929?
3
What is the units digit of 1514?
4
What is the units digit of 5986?
6
What is the hundreds digit of 3133?
1
What is the hundreds digit of 30574?
5
What is the thousands digit of 1705?
1
What is the thousands digit of 2777?
2
What is the hundreds digit of 5843?
8
What is the units digit of 943?
3
What is the thousands digit of 7694?
7
What is the units digit of 655?
5
What is the units digit of 97208?
8
What is the hundreds digit of 1455?
4
What is the tens digit of 97?
9
What is the tens digit of 1142?
4
What is the units digit of 139?
9
What is the units digit of 67124?
4
What is the hundreds digit of 50199?
1
What is the hundreds digit of 1190?
1
What is the hundreds digit of 22526?
5
What is the tens digit of 985?
8
What is the tens digit of 8683?
8
What is the tens digit of 65?
6
What is the hundreds digit of 3852?
8
What is the ten thousands digit of 18796?
1
What is the units digit of 8850?
0
What is the thousands digit of 4610?
4
What is the hundreds digit of 82685?
6
What is the thousands digit of 29174?
9
What is the units digit of 4701?
1
What is the tens digit of 295?
9
What is the hundred thousands digit of 105736?
1
What is the hundreds digit of 1173?
1
What is the tens digit of 11701?
0
What is the units digit of 976?
6
What is the hundreds digit of 18442?
4
What is the hundreds digit of 56900?
9
What is the tens digit of 2237?
3
What is the thousands digit of 3379?
3
What is the ten thousands digit of 50085?
5
What is the units digit of 1584?
4
What is the tens digit of 2448?
4
What is the hundreds digit of 8608?
6
What is the tens digit of 3314?
1
What is the hundreds digit of 15042?
0
What is the hundreds digit of 287?
2
What is the hundreds digit of 3703?
7
What is the hundreds digit of 3049?
0
What is the units digit of 1680?
0
What is the tens digit of 37?
3
What is the thousands digit of 1335?
1
What is the hundreds digit of 91972?
9
What is the units digit of 9505?
5
What is the hundreds digit of 126896?
8
What is the thousands digit of 5428?
5
What is the tens digit of 858?
5
What is the tens digit of 579?
7
What is the thousands digit of 74653?
4
What is the units digit of 29353?
3
What is the thousands digit of 102964?
2
What is the hundreds digit of 929?
9
What is the hundreds digit of 98505?
5
What is the thousands digit of 1783?
1
What is the hundreds digit of 18407?
4
What is the thousands digit of 25096?
5
What is the thousands digit of 8949?
8
What is the units digit of 194254?
4
What is the thousands digit of 3185?
3
What is the hundreds digit of 2355?
3
What is the units digit of 1507?
7
What is the thousands digit of 66922?
6
What is the thousands digit of 60829?
0
What is the units digit of 15572?
2
What is the ten thousands digit of 16186?
1
What is the hundreds digit of 11062?
0
What is the tens digit of 3429?
2
What is the units digit of 129279?
9
What is the units digit of 401?
1
What is the hundred thousands digit of 161212?
1
What is the hundreds digit of 13934